{"id":37,"date":"2025-01-13T11:47:38","date_gmt":"2025-01-13T11:47:38","guid":{"rendered":"https:\/\/fsm-msk.slu.cz\/?page_id=37"},"modified":"2025-01-13T11:47:38","modified_gmt":"2025-01-13T11:47:38","slug":"realizacni-tym","status":"publish","type":"page","link":"https:\/\/fsm-msk.slu.cz\/?page_id=37","title":{"rendered":"Realiza\u010dn\u00ed t\u00fdm"},"content":{"rendered":"\n<p><br><strong>doc. Ing. Marian Lebiedzik, Ph.D.<\/strong><br>hlavn\u00ed \u0159e\u0161itel<br>email:&nbsp;<a href=\"mailto:lebiedzik@opf.slu.cz\">lebiedzik@opf.slu.cz<\/a><br><br><strong>Ing. Dominik Vym\u011btal, DrSc.<\/strong><br>projektov\u00fd mana\u017eer<br>email:&nbsp;<a href=\"mailto:vymetal@opf.slu.cz\">vymetal@opf.slu.cz<\/a><br><br><strong>doc. Mgr. Ing. Michal Tvrdo\u0148, Ph.D.<\/strong><br>odborn\u00fd \u0159e\u0161itel<br>email:&nbsp;<a href=\"mailto:tvrdon@opf.slu.cz\">tvrdon@opf.slu.cz<\/a><br><br><strong>Ing. Irena Szarowsk\u00e1, Ph.D.<\/strong><br>odborn\u00fd \u0159e\u0161itel<br>email:&nbsp;<a href=\"mailto:szarowska@opf.slu.cz\">szarowska@opf.slu.cz<\/a><\/p>\n\n\n\n<p><strong>Ing. Jarmila \u0160ebestov\u00e1, Ph.D.<\/strong><br>odborn\u00fd \u0159e\u0161itel<br>email:&nbsp;<a href=\"mailto:sebestova@opf.slu.cz\">sebestova@opf.slu.cz<\/a><br><br><strong>Dr. Ing. Ingrid Majerov\u00e1<\/strong><br>odborn\u00fd \u0159e\u0161itel<br>email:&nbsp;<a href=\"mailto:majerova@opf.slu.cz\">majerova@opf.slu.cz<\/a><br><br><strong>Ing. Karin Gajdov\u00e1, Ph.D.<\/strong><br>odborn\u00fd \u0159e\u0161itel<br>email:&nbsp;<a href=\"mailto:gajdova@opf.slu.cz\">gajdova@opf.slu.cz<\/a><br><br><strong>Ing. Eva Kotl\u00e1nov\u00e1, Ph.D.<\/strong><br>odborn\u00fd \u0159e\u0161itel<br>email:&nbsp;<a href=\"mailto:kotlanova@opf.slu.cz\">kotlanova@opf.slu.cz<\/a><br><br><strong>Ing. Tom\u00e1\u0161 Pra\u017e\u00e1k<\/strong><br>\u0159e\u0161itel \u2013 podpora odborn\u00fdch \u0159e\u0161itel\u016f<br>email:&nbsp;<a href=\"mailto:prazak@opf.slu.cz\">prazak@opf.slu.cz<\/a><\/p>\n\n\n\n<p><strong>Ing. Radim Dol\u00e1k, Ph.D.<\/strong><br>\u0159e\u0161itel &#8211; tvorba webov\u00e9 aplikace<br>email:&nbsp;<a href=\"mailto:dolak@opf.slu.cz\">dolak@opf.slu.cz<\/a><\/p>\n\n\n\n<p><strong>David Jan\u010dar<\/strong><br>tvorba webov\u00e9 aplikace<br>email:&nbsp;<a href=\"mailto:jancar@opf.slu.cz\">jancar@opf.slu.cz<\/a><br><br><strong>Ing. Lenka P\u0159e\u010dkov\u00e1<\/strong><br>webmaster<br>email:&nbsp;<a href=\"mailto:preckoval@opf.slu.cz\">preckoval@opf.slu.cz<\/a><br><br><strong>Ing. Dagmar Labudkov\u00e1<\/strong><br>administr\u00e1tor<br>email:&nbsp;<a href=\"mailto:labudkova@opf.slu.cz\">labudkova@opf.slu.cz<\/a><\/p>\n","protected":false},"excerpt":{"rendered":"<p>doc. Ing. Marian Lebiedzik, Ph.D.hlavn\u00ed \u0159e\u0161itelemail:&nbsp;lebiedzik@opf.slu.cz Ing. Dominik Vym\u011btal, DrSc.projektov\u00fd mana\u017eeremail:&nbsp;vymetal@opf.slu.cz doc. Mgr. Ing. Michal Tvrdo\u0148, Ph.D.odborn\u00fd \u0159e\u0161itelemail:&nbsp;tvrdon@opf.slu.cz Ing. Irena Szarowsk\u00e1, Ph.D.odborn\u00fd \u0159e\u0161itelemail:&nbsp;szarowska@opf.slu.cz Ing. Jarmila \u0160ebestov\u00e1, Ph.D.odborn\u00fd \u0159e\u0161itelemail:&nbsp;sebestova@opf.slu.cz Dr. Ing.&hellip;<\/p>\n","protected":false},"author":2,"featured_media":0,"parent":0,"menu_order":0,"comment_status":"closed","ping_status":"closed","template":"","meta":{"footnotes":""},"class_list":["post-37","page","type-page","status-publish","hentry"],"_links":{"self":[{"href":"https:\/\/fsm-msk.slu.cz\/index.php?rest_route=\/wp\/v2\/pages\/37","targetHints":{"allow":["GET"]}}],"collection":[{"href":"https:\/\/fsm-msk.slu.cz\/index.php?rest_route=\/wp\/v2\/pages"}],"about":[{"href":"https:\/\/fsm-msk.slu.cz\/index.php?rest_route=\/wp\/v2\/types\/page"}],"author":[{"embeddable":true,"href":"https:\/\/fsm-msk.slu.cz\/index.php?rest_route=\/wp\/v2\/users\/2"}],"replies":[{"embeddable":true,"href":"https:\/\/fsm-msk.slu.cz\/index.php?rest_route=%2Fwp%2Fv2%2Fcomments&post=37"}],"version-history":[{"count":1,"href":"https:\/\/fsm-msk.slu.cz\/index.php?rest_route=\/wp\/v2\/pages\/37\/revisions"}],"predecessor-version":[{"id":38,"href":"https:\/\/fsm-msk.slu.cz\/index.php?rest_route=\/wp\/v2\/pages\/37\/revisions\/38"}],"wp:attachment":[{"href":"https:\/\/fsm-msk.slu.cz\/index.php?rest_route=%2Fwp%2Fv2%2Fmedia&parent=37"}],"curies":[{"name":"wp","href":"https:\/\/api.w.org\/{rel}","templated":true}]}}